isor of w and 1144?
11
Let g = 717 + -594. Calculate the greatest common divisor of g and 697.
41
Let r = -16553 - -17033. Calculate the greatest common factor of 4608 and r.
96
Suppose -5*z = -d + 35, -2*z = d - 4*z - 35. Suppose 0 = 3*h - 13 - d. Let b(f) = 23*f - 256. Let o be b(16). Calculate the greatest common divisor of o and h.
16
Suppose -5*y = 10*f - 9*f - 200, 3*f - 4*y = 524. Calculate the greatest common divisor of f and 1020.
60
Let x be (13/6)/(-13) - (-649)/6. Suppose y - x = 28. What is the greatest common factor of 8 and y?
8
Suppose 5*i = -2*d + 19, 4*d = -4*i + 29 + 51. Calculate the highest common factor of d and 2799.
9
Let u(o) = -o**3 - 17*o**2 - 33*o - 5. Let b be u(-15). Let f = 69 - 49. What is the greatest common divisor of f and b?
20
Suppose 0 = 2*b + 3*b - 60. Let n = b - -8. Let k = 17868 - 17838. Calculate the greatest common divisor of n and k.
10
Suppose -4*u - 9 = -u, 2*w - 2*u = 132. What is the highest common factor of w and 714?
21
Suppose 3*w = v - 22 + 41, 0 = -3*w + 2*v + 26. Suppose 6 + 4 = -5*f, -2*m - 8 = 5*f. What is the greatest common factor of w and m?
1
Let t be 6 + -17 - (8 - 419). Calculate the highest common divisor of t and 640.
80
Suppose 127*u - 128*u + 1162 = 5*z, -8100 = -7*u - z. What is the highest common divisor of 52 and u?
13
Let s = 20 + 60. Let t = 125 - s. Suppose t*w + 100 = 50*w. What is the highest common divisor of w and 100?
20
Let a be (14640/9760)/(6/76). Let b be (77/1)/1 - 1. What is the greatest common factor of a and b?
19
Let j be 9 - (8 + (2 - (-7 - -4518))). What is the greatest common factor of j and 33?
11
Suppose -65*d - 4592 = 340*d - 62102. What is the highest common divisor of 15904 and d?
142
Suppose 10*l - 5*l - 33 = -3*p, -3*p - l = -45. Let u be (18 - p) + 0 + 2 + 62. Calculate the highest common divisor of u and 6.
6
Let m(z) = 3*z + 27. Let w be m(-4). Suppose 18*f - 20*f + 60 = 0. What is the greatest common divisor of f and w?
15
Let k = 127 - 120. Suppose -k*r + 5*r + 352 = 0. What is the highest common divisor of 22 and r?
22
Let d be 32/(-6)*(-45)/20. Let j = d + 3. Let l = -891 + 900. Calculate the greatest common divisor of l and j.
3
Let a = -1220 + 1224. Let x = -3 + 7. Suppose 2*r = -3*d + 63, -x*r + 72 = -a*d - 4. What is the greatest common factor of 6 and r?
6
Let w be (6 - 3)*(-4)/(-3). Let d be w + -66*(-2 + 1). Let x be 2*(-2 - (-5 + -2)). Calculate the highest common divisor of x and d.
10
Let q = -36973 - -36991. Suppose r + 3 - 7 = 0. Calculate the highest common divisor of r and q.
2
Let w = -30 - -219. Calculate the greatest common divisor of w and 13671.
63
Suppose -m + 21 + 12 = 0. Let p = 34 - m. Let g(b) = 19*b - 2. Let x be g(p). What is the greatest common divisor of x and 34?
17
Suppose 345 = 2*w + 5*h, -27*h - 714 = -5*w - 23*h. Calculate the highest common divisor of 40125 and w.
75
Let s(v) = -24*v + 588. Let o be s(10). What is the highest common divisor of 48 and o?
12
Let k = -2414 + 2792. What is the highest common divisor of k and 135?
27
Let l be 8/4 + -1 + 384 + 5. Let z(f) = -f**3 + 6*f**2 - 5*f + 3. Let b be z(4). What is the greatest common factor of b and l?
15
Let q be ((-8)/6)/((-5)/225). Let a(o) = 6*o**2 - o**2 + 2*o - 6*o**2 + 11*o**3. Let g be a(1). Calculate the greatest common factor of g and q.
12
Let n = -7 + 10. Suppose -4*w = -n*i + 52, -6 = 2*i - 4*w - 46. Let z = -152 - -182. What is the greatest common divisor of i and z?
6
Let i = 615 + -613. Suppose 0 = -i*a + 29*a - 5940. Calculate the highest common factor of 10 and a.
10
Let a(s) = 125*s**2 - 262*s - 804. Let d be a(-3). Calculate the highest common factor of d and 423.
9
Let y(l) be the first derivative of 29*l**4/4 - 3*l**2/2 + 2*l - 20. Let d be y(1). What is the highest common divisor of 14 and d?
14
Let s be (-1)/(-1 + 0) + 197. Let w = -1226 + 1125. Let c = w - -119. What is the highest common divisor of s and c?
18
Suppose 5*f - 19 = 1, 4*c = 2*f + 76. Suppose c*h - 132 = 18*h. Suppose 4 = -4*y + h. Calculate the greatest common divisor of 60 and y.
10
Suppose -149*r + 45 = -146*r - 3*z, -4*z = -8. What is the greatest common divisor of 21131 and r?
17
Let l = -7055 + 10062. What is the greatest common divisor of l and 97?
97
Let c = -7766 + 7782. What is the greatest common divisor of 3112 and c?
8
Let k = 56 - 162. Suppose 0 = 9*y - y + 544. Let g = y - k. What is the highest common factor of g and 57?
19
Let d be (16 - -58)/(2/1). Let t = 42 - d. Calculate the highest common factor of 45 and t.
5
Let q be 252/(-567) + (-400)/(-9). Let x = 27 + 50. What is the highest common divisor of x and q?
11
Suppose -186 = 2*h + f, 4*f + 33 - 405 = 4*h. Suppose -5*b + 2*b = -684. Let p = b + h. What is the greatest common factor of p and 15?
15
Let l(d) = -3*d**3 - 24*d**2 - 80*d - 29. Let z be l(-4). Calculate the greatest common factor of 143 and z.
11
Suppose -t - 5 = 0, 0 = 5*l + 7*t - 3*t + 10. Suppose 0 = l*b - 4, -5*b - 185 = -m + 40. What is the greatest common divisor of 94 and m?
47
Let v = -22805 - -22901. Calculate the greatest common factor of 501 and v.
3
Suppose -13*s - 4*u = -16*s, -2*u = s - 10. Let a be 28/42 - 164/(-6). What is the greatest common divisor of a and s?
4
Suppose -4*r = 5*v - 72, 10*r - 12*r + 36 = -5*v. Calculate the greatest common divisor of 1584 and r.
18
Suppose 274*j = 2*b + 279*j - 3965, -4*j - 8028 = -4*b. What is the highest common divisor of b and 64?
16
Let c(d) = 15*d**2 + 9*d + 48. Let x be c(-4). What is the greatest common divisor of 1344 and x?
84
Suppose j + 5*b + 176 = 2*j, -322 = -2*j + 5*b. What is the highest common factor of 1022 and j?
146
Let j be (32 + 0)/((-268)/(-536)). What is the greatest common factor of 656 and j?
16
Suppose 0 = -39*w + 3982 - 3631. Calculate the highest common factor of w and 6165.
9
Let i(w) = 3*w - 15*w + 17 - 74 - 71. Let k be i(-11). Calculate the greatest common divisor of 44 and k.
4
Suppose -2 = -m, 28*g - 23*g = -5*m + 10. Suppose -2*i - 19*a + 122 = -14*a, -3*i + 2*a + 164 = g. What is the highest common factor of i and 7?
7
Let u(i) = i**3 - i**2 + 14*i - 18. Let b be u(4). Suppose -5*f - 3*y = -b, -10*y + 7*y - 42 = -3*f. What is the greatest common divisor of 48 and f?
16
Let u = 10502 - 10439. What is the highest common divisor of u and 6594?
21
Suppose 4*o = 4 + 4. Calculate the greatest common factor of o and 1238.
2
Let m = -683 - -776. What is the greatest common divisor of 9951 and m?
93
Suppose 0 = -6*z + 8*z - 2250. What is the highest common divisor of z and 1000?
125
Let u(j) = -2*j + 10. Suppose z + 12 = -2*z. Let l be u(z). Suppose 120 = l*m - 13*m. Calculate the highest common factor of m and 84.
12
Let s = -927 - -939. What is the highest common factor of 69 and s?
3
Let g be 4/((-140)/15) + (-62)/(-14). Let z = -96 - -494. Let y be 3/(-6) + z/g. What is the highest common factor of y and 11?
11
Let z be -2*(2 - 3 - (15 + -12)). Suppose -18*b + 116 = z. Calculate the greatest common divisor of 8 and b.
2
Let y be 4/58 + (-603)/(-87). Suppose -y*k + 600 = -240. Calculate the highest common factor of 80 and k.
40
Let z be (-3)/(-1) - (2 + 1). Let q be -1 + 0 - (-3 + z). Let y(k) = 14*k + 514. Let w be y(-36). What is the greatest common divisor of w and q?
2
Suppose 5*p + s = 5*s + 214, 172 = 4*p - 4*s. Let g(a) = 17*a**2 + 13*a - 28. Let v be g(5). What is the highest common factor of p and v?
42
Suppose -5*z + 10*z = -430. Let s = z + 98. Calculate the highest common divisor of s and 18.
6
Suppose -5*o + 995 = 5*b, -b + 551 = -5*o + 328. Calculate the highest common divisor of b and 49.
7
Suppose -v = -5*p + 1329, -3*p + 2*p - 5*v + 271 = 0. Suppose -5*u + 10*n + 29 = 8*n, -15 = -3*u + 2*n. Calculate the greatest common divisor of u and p.
7
Let a be (976/(-9))/(-2) - (-4)/(-18). Let f be 4/((-24)/(-2))*a. Suppose 4*r = -4*t + 196, 5*t - 59 = -3*r + 78. What is the greatest common factor of f and r?
18
Let c be (-2 - -4) + -4 + (11 - -1). Let j be 4 + (2 - 597/(5 + -8)). What is the highest common factor of c and j?
5
Let t be -21 + 49 + 2 + -16. Suppose c = -4*c + 455. What is the greatest common factor of c and t?
7
Let g = 16729 - 16694. Calculate the greatest common factor of 5285 and g.
35
Let c be ((-60)/(-16))/(55/528). Suppos